) = 6*r - 30*r + r**2 + x + 9*r + 10*r. Calculate l(4).
-2
Let z be (-25)/(4 - -1) + -7. Let c(q) = q**3 + 12*q**2 - 1. Give c(z).
-1
Let u = 213 + -205. Let y(s) = -s + 9. Give y(u).
1
Let p(g) be the first derivative of -3*g**4/4 + 2*g**3/3 + g**2/2 + 2*g + 212. What is p(2)?
-12
Suppose -21 = -2*f + k, f - 2*k - 9 + 3 = 0. Suppose -5*v - 3*c = 2*c, -3*v + f = -3*c. Suppose 4*u = -v*u + 54. Let m(n) = -n + 9. What is m(u)?
0
Let r(k) be the first derivative of -k**2/2 - 19*k - 20. Let h be r(-15). Let u(f) = f**3 + 4*f**2 + 4*f + 6. Give u(h).
-10
Let o(r) = -9*r**3 + r**2 + 17*r - 17. Let t(c) = -c**3 + 7. Let y be t(0). Let b(m) = -4*m**3 + m**2 + 8*m - 8. Let x(a) = y*b(a) - 3*o(a). Calculate x(5).
-5
Suppose -2*u + 24 = 2*u. Let x = 24 - 27. Let p(h) = h - 3. Let y(t) = -3*t + 9. Let k(i) = x*y(i) - 8*p(i). Determine k(u).
3
Let y(j) = -2*j**2 - 4*j - 3. Let g be 6/(-3)*(-1)/(-1). Let v be 12/(-8) - (-1)/g. What is y(v)?
-3
Suppose 0*i + 2*i = 4*k - 64, -4*k - 2*i = -64. Suppose 0 = 7*t + 6 - 41. Let m(d) = k*d**2 - t - 14*d**2 + 3. Calculate m(-2).
6
Let v(s) = s**3 - 7*s**2 - 2*s + 8. Let i(a) = 3*a**3 - 14*a**2 - 5*a + 15. Let p(t) = -2*i(t) + 5*v(t). Let b be 7/(1 + -2 + 3)*-2. Calculate p(b).
10
Let u = 79 - 75. Let h(f) = 0*f - u*f + 3 - 6*f + 8*f. Calculate h(5).
-7
Let k(n) = -3*n + 6. Let w be (-2)/(-10) + 4/5. Suppose -7*b + 96 = -11*b. Let z be w/(-3*2/b). Calculate k(z).
-6
Let c(f) be the first derivative of 0*f**2 - 9 + f + 2/3*f**3. Calculate c(-1).
3
Let t(n) = -3 + n + 3*n**3 - 10*n**2 - 2*n**3 + 3*n**2. Let a = -1315 - -1322. Determine t(a).
4
Let m(r) = r**2 - 9*r + 5. Let f be m(9). Let a(y) = y - 21. Let h(o) = -4. Let d(k) = 2*a(k) - 11*h(k). Determine d(f).
12
Suppose 261*n = 286*n + 375. Let g(u) = u**2 + 13*u + 4. Give g(n).
34
Let z(a) = -4*a**2 + 7*a - 7 - 3*a**2 + 6*a**2. Let h(v) = 2*v**2 + 16*v + 35. Let c be h(-12). Let j = -124 + c. Determine z(j).
-7
Suppose -236*v - 8 = -232*v. Let h(r) = -7*r**2 + r + 4. Let k(q) = 18*q**2 - 2*q - 10. Let d(b) = -12*h(b) - 5*k(b). What is d(v)?
-18
Suppose 2*j = 3*q + 16, j = q + 3*j + 8. Let k(u) = -4*u - 24. Calculate k(q).
0
Let x(l) = -l**3 - 8*l**2 - 8*l - 10. Let p be x(-7). Let q(w) be the second derivative of -w**5/20 - w**4/3 - 5*w**3/6 - 3*w**2/2 + 1270*w. Determine q(p).
3
Let q(z) be the third derivative of z**5/60 - z**4/6 - 5*z**3/6 - z**2. Let n(l) = 3*l**2 + 4*l + 1. Let a be n(-2). Give q(a).
0
Let a be 6 + (5 - (-28)/(-7)). Let q(i) = i**2 - 6*i - 6. Give q(a).
1
Let s = 259 - 255. Let i(d) = d**3 - 3*d**2 - 6*d + 14. Calculate i(s).
6
Let i(b) = 76*b**2 + 24*b + 36. Let p(m) = 17*m**2 + 6*m + 9. Let o(t) = 2*i(t) - 9*p(t). Give o(-4).
-1
Let i(b) = 4*b**3 + 8*b**2 + 6*b - 13. Let k(r) = -3*r**3 - 8*r**2 - 7*r + 12. Let v(a) = -4*i(a) - 5*k(a). Let p = 49 + -40. What is v(p)?
10
Let b(a) be the second derivative of -a**5/20 - 7*a**4/12 - 2*a**3/3 - 7*a**2/2 - 263*a. Determine b(-6).
-19
Let u = 50 + -46. Suppose -n + b = u, -b - b - 10 = n. Let o(j) = j. Calculate o(n).
-6
Let r(x) = 2*x**2 + 8*x + 4. Let j be r(9). Let n = -239 + j. Let l(z) be the third derivative of -2*z**5/15 + z**3/6 - z**2. Give l(n).
-7
Let k be 3 + -2 - -2 - 6. Let y(x) = 9*x + 9. Let g(p) = -14*p - 14. Let c(z) = -5*g(z) - 8*y(z). Determine c(k).
4
Let i(w) = -11*w - 7*w - 8*w + w**2 - 20 - w + 28*w. Determine i(0).
-20
Let v(i) = i**3 + 5*i**2 + i - 7. Let w be -2 + (-4)/(-1) + -24. Let n(f) = f**3 + 15*f**2 - 18*f - 15. Let h be n(-16). Let u = w + h. Give v(u).
-12
Let v(f) = 2*f - 11. Let p be v(7). Let q be (1/p)/(24/27 + -1). Let d(n) = 7*n. What is d(q)?
-21
Let b(h) = 3. Let c(u) = -u - 1. Let y be 4 + (7 + -3 - 11). Let z(q) = y*c(q) - b(q). What is z(-2)?
-6
Let i(f) = 1 + 1 - 5*f + f. Suppose 15*q + 48 = 18*q + 21*q. Determine i(q).
-6
Let i(a) = -a**2 + 22*a + 8. Let g be i(10). Let v(y) = 3 + 132*y + y**2 + 1 - g*y. What is v(-5)?
9
Let w(s) = -s - 15. Let o be w(-17). Let c(k) = k**3 - 3*k**2 + 2*k - 2. What is c(o)?
-2
Let b(m) = -m**3 - 7*m**2 - 6*m + 9. Suppose 3*s = -x + 3 - 16, -5*s + 3*x - 45 = 0. Determine b(s).
9
Let h(u) = -u - u**3 + 2 + 8*u**2 - 2*u - 5*u**2. Let b(k) = 2*k**2 + 1. Let m be b(1). Calculate h(m).
-7
Let m(l) = l**3 + 3*l**2 + 2*l - 2. Let d(b) = b + 2. Let s be d(4). Suppose a - 2 = 4*o + 2, 3*o = s. Let x = 10 - a. Give m(x).
-2
Let r(x) = 2*x + 5 + 5*x + x**2 + 1. Let d be 1*(8 + -6 + -9). Give r(d).
6
Let x(v) = -2520 - 3*v**2 + 5*v + 2517 + 2*v**2. Give x(3).
3
Let z(p) = 15*p**3 - p. Let m(a) = -20*a - 240. Let o be m(-13). Let c = 9 + -30. Let y = c + o. Give z(y).
-14
Let d(h) = 943 + 0*h + h - 948. What is d(14)?
9
Let t(m) = -m**2 - 2*m + 3. Let v(f) = 2*f**2 + 5*f - 5. Let s(j) = -9*t(j) - 4*v(j). Let q = -613 + 618. What is s(q)?
8
Let n(f) = f**2 + 20*f + 38. Let h = -131 - -113. Determine n(h).
2
Let w(o) = o**2 + 4*o. Let y be w(2). Suppose -6*l = -2*l - y. Let c(z) = -z**2 + 2*z + 3. Give c(l).
0
Let u(s) = -2*s**2 + 11*s - 25*s**3 + 23*s**3 - 10*s. Calculate u(1).
-3
Let v(b) be the second derivative of -b**4/12 + b**3 - 3*b**2/2 + 180*b. Let x(f) = -f**3 + 4*f**2 + 2*f - 4. Let o be x(4). What is v(o)?
5
Let n(r) = -r**2 + 1. Suppose -9*t + 8*t + 4 = 0. Let w = 7 - t. Calculate n(w).
-8
Let i(v) = -18*v + 11*v - 2 + 3*v + 8*v + v. What is i(2)?
8
Suppose -48 = -4*a - i - 3*i, -5*a = -i - 30. Let z(l) = -3*l + 1. What is z(a)?
-20
Let i(o) = -22 + 45*o + o**3 + 5*o**2 - 49*o + 19. What is i(-6)?
-15
Let b = 20 - -3. Let q(y) = 0 + 15*y**2 - b*y**2 - 1 + 10*y**2 - 2*y. Calculate q(-1).
3
Let k(n) = n**3 + 4*n**2 - n - 3. Suppose -6*o + 0*o + 36 = 0. Suppose -x - x + o = 0. Suppose -8*g - 15 = -x*g. Give k(g).
9
Let r be ((-72)/(-42))/(4/14). Let b(x) be the second derivative of -x**4/12 + 2*x**3/3 - 2*x**2 - 294*x. Give b(r).
-16
Suppose g = 8 - 5. Suppose 0 = -4*d + 4*v - 4, 2*v + g = d - v. Let b = -9 - d. Let o(k) = k**2 + 7*k + 5. Give o(b).
-1
Let o(r) = r**2 + 10*r - 15. Let m be 16/28 + 4 + (-232)/14. Determine o(m).
9
Let m be (-498)/18 + 2*3/(-18). Let u = -27 - m. Let l(p) = 9*p**3 + p - 1. Give l(u).
9
Let x(k) = -k**3 + 10*k**2 - 8*k - 10. Let v(i) = -2*i**3 + 20*i**2 - 16*i - 19. Let w(u) = -3*v(u) + 7*x(u). Calculate w(9).
-4
Suppose 3*b + b = 3*k - 10, 4*k - 13 = 5*b. Let m(f) = f. Let s(l) = -2*l - 1. Let c(w) = -4*m(w) - s(w). Give c(k).
-3
Let s = -6 - -10. Let j(q) = -5*q + 1. Let p be (6/2)/((-12)/(-16)). Let n(u) = -6*u + 2. Let z(r) = p*j(r) - 3*n(r). Determine z(s).
-10
Let g(w) be the first derivative of 3*w**3 + 7*w**2/2 + 14*w + 12. Let a(n) = 4*n**2 + 4*n + 7. Let f(o) = -7*a(o) + 3*g(o). What is f(-5)?
3
Let m(g) = g**2 + 14*g + 3. Let o be m(-11). Let s = 42 + o. Let t be (-1)/6 + 26/s. Let a(v) = 2*v**3 - 3*v**2 + 3*v - 2. Calculate a(t).
8
Suppose 0 = -4*d - d - 45. Let n = 13 + d. Suppose n*j = -28 + 8. Let c(g) = g. Calculate c(j).
-5
Let h(k) = k**2 + 5*k + 5. Let c = 35 + -35. Suppose 0 = 2*f, c = -3*r - 0*f - 5*f - 12. Calculate h(r).
1
Let j(l) = -l**2 - 6*l - 1. Let r be j(-6). Let i be -2 - (2 + 1)*r. Let o(a) = -6 + a**2 + i - 4*a + 1. Determine o(3).
-7
Let a(g) = 2*g**2 - 2*g + 21. Let h(f) = 3*f**2 - 3*f + 24. Let u(c) = -7*a(c) + 6*h(c). Give u(-2).
21
Let q(p) = p**3 - 4*p**2 - 7*p + 7. Let s = 23 - 18. Suppose s*w = -3*j + 4, -4*j - 2*w = 2*w - 8. Suppose 2 = u - j. Calculate q(u).
-3
Let b(g) = -g - 131 + 58 + 76. Calculate b(-4).
7
Let o(b) = -10*b**2 - b - 1. Suppose -3*y - 6 = -5*s, -3*s + 5*y - y = 3. Let l = s + 1. Let f = -5 + l. What is o(f)?
-10
Let k be 1/3*(18 + 0). Suppose 0 = -3*s - r - 19, -4*r + r + k = 0. Let m(i) = i**3 + 8*i**2 + 5*i - 10. What is m(s)?
4
Let q(p) = p - 4. Let j(d) be the first derivative of -11*d + d**2 + 4 - 1 - 6. Let z be j(7). Give q(z).
-1
Let w(g) = g - 2. Let c be w(2). Let m(o) = -103*o**2 - 4*o + 55. Let z(i) = 23*i**2 + i - 14. Let x(q) = 2*m(q) + 9*z(q). What is x(c)?
-16
Suppose 0 = -3*y + 5*y + 2*p - 8, -5*y = -2*p + 15. Let u(m) = -48*m**2 - m - 1. Determine u(y).
-48
Let a = 61 - 44. Suppose -3*f - g + a = 0, -5 = -2*f + 5*g + 12. Let v(x) = -x**3 + 5*x**2 + 5*x - 8. Give v(f).
-14
Let a(b) = b**2 - 12*b - 11. Let h be a(13). Let w(o) = 34 - 68 + 34 - h*o. Determine w(-2).
4
Let g = 14 - 41. Let a = -23 - g. Let t(r) = -r